610062 (base 7) in base 13?
-5c9baa
What is 11111101011011000 (base 2) in base 10?
129752
Convert 386019 (base 11) to base 14.
11b971
-8790466 (base 10) to base 9
-17477224
-14176534 (base 8) to base 6
-152451500
What is -466038 (base 10) in base 14?
-c1ba6
What is 2c17b (base 14) in base 15?
2292a
What is -aa2884 (base 11) in base 15?
-24ba12
-106012310 (base 7) to base 8
-30544320
Convert -12624614 (base 8) to base 13.
-7806a1
Convert -13a98 (base 13) to base 14.
-d687
139a (base 15) to base 4
1001203
28725 (base 12) to base 10
56333
Convert 12150573 (base 8) to base 2.
1010001101000101111011
What is -110221010001100 (base 3) in base 15?
-90b060
Convert -180060 (base 11) to base 8.
-1037345
9ef0 (base 16) to base 12
1b668
Convert -20870 (base 16) to base 14.
-367a8
What is -a654c (base 15) in base 10?
-527697
-500162 (base 12) to base 16
-12fcda
What is -734315 (base 11) in base 3?
-2012210111222
15425532 (base 6) to base 11
344957
Convert -51126552 (base 7) to base 4.
-100033313301
Convert 57b72 (base 12) to base 14.
30b30
bb44 (base 13) to base 11
18661
What is -15754 (base 8) in base 9?
-10722
d9fdc (base 16) to base 7
10406120
Convert 122001121021 (base 3) to base 14.
8a523
1110241300 (base 5) to base 15
3303a0
Convert 10021011022 (base 3) to base 16.
fb0c
Convert -d351 (base 16) to base 3.
-2202012121
Convert 1966857 (base 11) to base 7.
40126061
What is -450175 (base 9) in base 10?
-269150
1063b9 (base 12) to base 4
333122331
Convert -7e04f (base 16) to base 14.
-d6179
What is -11004113003 (base 5) in base 6?
-1100333534
-8454d (base 14) to base 9
-536056
Convert 111011000000011111101 (base 2) to base 14.
38491b
What is -203134512 (base 7) in base 8?
-55332131
-10101000001011001 (base 2) to base 8
-250131
What is 13003 (base 11) in base 10?
18637
438062 (base 12) to base 4
10011211022
What is 4720e (base 15) in base 5?
24222324
-5157735 (base 9) to base 5
-1201123021
Convert -514400 (base 8) to base 2.
-101001100100000000
5574010 (base 9) to base 16
2dcbd6
-22210011001221 (base 3) to base 9
-8704057
What is 314200234 (base 5) in base 8?
5017643
-10a020 (base 11) to base 13
-614b1
What is dc44b (base 14) in base 13?
1588c5
Convert 2ab997 (base 15) to base 10.
2064292
-201011231212 (base 4) to base 10
-8674150
3280807 (base 10) to base 11
1940a12
375714 (base 9) to base 12
ab657
What is 3b1b9 (base 12) in base 2?
10011111001011101
What is -1041143123 (base 5) in base 4?
-20232122320
-66950 (base 10) to base 15
-14c85
What is 3653544 (base 9) in base 14?
3990a2
What is 2020111210120 (base 3) in base 4?
10202301333
-dacb6 (base 15) to base 13
-1b42c0
Convert -1105143 (base 6) to base 12.
-281b3
Convert -463668 (base 10) to base 16.
-71334
Convert 300322003 (base 5) to base 11.
738690
10011011001010011001001 (base 2) to base 4
103121103021
What is 1100111110010011011 (base 2) in base 10?
425115
Convert -3411552 (base 6) to base 16.
-2a2fc
What is 2041033000 (base 5) in base 4?
100022111101
11001100101101001010 (base 2) to base 12
34528a
Convert 2a378 (base 15) to base 10.
135788
What is 259794 (base 12) in base 13?
1883b9
226366462 (base 7) to base 9
28221354
1c73cf (base 16) to base 2
111000111001111001111
Convert 776a9 (base 11) to base 15.
2359e
Convert -28a254 (base 13) to base 8.
-3624253
What is -37a1a (base 15) in base 5?
-21142100
Convert 201241133 (base 5) to base 15.
10db48
-210210022120 (base 3) to base 7
-3434250
Convert 9285 (base 16) to base 4.
21022011
What is 572830 (base 11) in base 9?
1638182
Convert 99593 (base 16) to base 9.
1156545
What is -101110010001111110 (base 2) in base 10?
-189566
Convert 2020022121201 (base 3) to base 13.
32752c
What is -22023101301 (base 4) in base 7?
-31450233
Convert 100102332111 (base 4) to base 9.
8031100
What is 1101010010110100 (base 2) in base 13?
1ba28
14024202 (base 5) to base 14
39c95
What is -2330712 (base 11) in base 12?
-1443b2a
What is -27105 (base 14) in base 7?
-550405
Convert -5342002 (base 7) to base 2.
-10011110011011111110
What is 11000010101110100 (base 2) in base 12?
49844
What is 125421434 (base 6) in base 4?
21210001132
What is 26731 (base 16) in base 12?
77181
Convert 305115 (base 6) to base 3.
1020112202
Convert 4413435 (base 7) to base 4.
2010030210
Convert -9a35 (base 11) to base 12.
-77a3
Convert 100222321223 (base 4) to base 6.
233355335
Convert -1000100111010010001 (base 2) to base 8.
-1047221
Convert 101010110111111110000001 (base 2) to base 8.
52677601
Convert -11526 (base 13) to base 14.
-b759
What is -1b48225 (base 12) in base 4?
-112030330331
What is 2366151 (base 8) in base 9?
1201085
What is 34500 (base 7) in base 15?
2930
3937b (base 15) to base 14
4a9c5
Convert -5759c6 (base 15) to base 5.
-2031422321
Convert 2587 (base 12) to base 16.
10b7
-11212033212 (base 4) to base 9
-2675756
Convert 112121021222 (base 3) to base 8.
1061321
What is -23700b (base 13) in base 12?
-34828b
10260727 (base 8) to base 14
40d3cb
1003232223 (base 4) to base 8
1035653
Convert -2168385 (base 10) to base 15.
-2cc740
-1ee08 (base 16) to base 3
-20102111011
-1b69824 (base 12) to base 8
-26275534
What is 7823430 (base 9) in base 14?
7b7815
Convert -697df8 (base 16) to base 2.
-11010010111110111111000
Convert -2560080 (base 9) to base 14.
-285461
What is -c0b6b (base 16) in base 13?
-218398
Convert -13b01 (base 14) to base 12.
-242b1
Convert -30b750 (base 13) to base 9.
-2125732
What is 9335d (base 14) in base 16?
56957
Convert 288973b (base 12) to base 9.
16284002
What is -68138 (base 13) in base 8?
-561346
What is 235122342 (base 6) in base 10?
4443254
Convert 2201301022 (base 4) to base 5.
132200402
Convert -11011101000000110011 (base 2) to base 5.
-212432032
-174200 (base 8) to base 5
-4013431
What is 288745 (base 9) in base 12?
86542
Convert 111001000222 (base 3) to base 8.
765172
Convert 6e5418 (base 16) to base 11.
4099411
What is -101110032 (base 4) in base 5?
-4232201
-91aab8 (base 15) to base 11
-39a7a86
What is -730874 (base 9) in base 4?
-1221321031
Convert -42135 (base 12) to base 9.
-141685
What is -202012212011 (base 3) in base 6?
-12310134
12030333 (base 5) to base 3
12122201211
Convert -6287 (base 9) to base 10.
-4615
What is -867793 (base 11) in base 16?
-152818
-33213335 (base 6) to base 14
-1bd6b1
-39420a (base 14) to base 6
-110123042
Convert -19ac1 (base 14) to base 4.
-33323121
What is -a2172 (base 11) in base 14?
-3c584
What is -27c58 (base 15) in base 6?
-2423002
11000011111000101 (base 2) to base 16
187c5
What is -671246 (base 12) in base 16?
-190716
444143 (base 9) to base 10
265476
3714524 (base 9) to base 8
7544442
Convert 10001001000100111101111 (base 2) to base 11.
25987a8
What is -1809b8 (base 14) in base 5?
-204101303
5baaa (base 13) to base 3
22120112221
What is 6614461 (base 8) in base 13?
4a2454
-130031 (base 6) to base 7
-46030
Convert -46036634 (base 7) to base 5.
-2011302041
Convert 9a2809 (base 11) to base 13.
440071
-110010020121 (base 3) to base 12
-b6081
-11052335 (base 6) to base 16
-51743
131183 (base 9) to base 10
79617
What is -6c6917 (base 14) in base 11?
-210156a
What is -4615808 (base 11) in base 16?
-7b3646
Convert 1956949 (base 12) to base 16.
517ec9
What is 101111000000001111 (base 2) in base 10?
192527
What is -1104435422 (base 6) in base 5?
-11031331131
What is -2122110 (base 3) in base 7?
-5424
Convert -5b51 (base 12) to base 9.
-15087
-301042 (base 8) to base 16
-18222
What is 1233145 (base 6) in base 12?
327b5
Convert 2467410 (base 8) to base 4.
2212330020
Convert -50a1a (base 15) to base 2.
-111110010110101000
Convert 13033233112 (base 4) to base 9.
3514531
Convert 448215 (base 12) to base 11.
686812
Convert 6060023 (base 7) to base 2.
10101111110110111101
What is 613300 (base 7) in base 16?
197e3
Convert 2002100120 (base 3) to base 10.
41082
What is -33695 (base 13) in base 11?
-641a9
23133130 (base 8) to base 9
10412277
What is -24b760b (base 12) in base 7?
-115161431
Convert -435160 (base 12) to base 7.
-12031005
57c017 (base 13) to base 6
112350252
Convert 233232203122 (base 4) to base 6.
1124055214
What is 4513467 (base 10) in base 5?
2123412332
Convert 26552013 (base 7) to base 14.
47aa7a
14ac5a8 (base 13) to base 5
3143444223
Convert -2a916 (base 16) to base 9.
-285151
Convert 3001131 (base 5) to base 11.
32385
C